{"id":329,"date":"2025-06-14T02:02:42","date_gmt":"2025-06-14T07:02:42","guid":{"rendered":"https:\/\/fashionkcmode.com\/?page_id=329"},"modified":"2025-06-17T22:57:40","modified_gmt":"2025-06-18T03:57:40","slug":"carro-2","status":"publish","type":"page","link":"https:\/\/fashionkcmode.com\/index.php\/carro-2\/","title":{"rendered":"Carro"},"content":{"rendered":"\t\t<div data-elementor-type=\"wp-page\" data-elementor-id=\"329\" class=\"elementor elementor-329\" data-elementor-post-type=\"page\">\n\t\t\t\t<div data-particle_enable=\"false\" data-particle-mobile-disabled=\"false\" class=\"elementor-element elementor-element-44816ff e-con-full e-flex e-con e-parent\" data-id=\"44816ff\" data-element_type=\"container\">\n\t\t<div data-particle_enable=\"false\" data-particle-mobile-disabled=\"false\" class=\"elementor-element elementor-element-605041c e-flex e-con-boxed e-con e-child\" data-id=\"605041c\" data-element_type=\"container\">\n\t\t\t\t\t<div class=\"e-con-inner\">\n\t\t\t\t<div class=\"elementor-element elementor-element-4e94471 elementor-widget elementor-widget-eael-woo-cart\" data-id=\"4e94471\" data-element_type=\"widget\" data-settings=\"{&quot;eael_woo_cart_components_continue_shopping_icon&quot;:{&quot;value&quot;:&quot;fas fa-chevron-left&quot;,&quot;library&quot;:&quot;fa-solid&quot;}}\" data-widget_type=\"eael-woo-cart.default\">\n\t\t\t\t<div class=\"elementor-widget-container\">\n\t\t\t\t\t\t\t\t\t<div class=\"eael-woo-cart-wrapper eael-woo-cart-empty eael-woo-default eael-auto-update33\">\n\t\t\t\t<div class=\"woocommerce-notices-wrapper\"><\/div><div class=\"wc-empty-cart-message\">\n\t<div class=\"cart-empty woocommerce-info\">\n\t\tEl carrito est\u00e1 vac\u00edo\t<\/div>\n<\/div>\t<p class=\"return-to-shop\">\n\t\t<a class=\"button wc-backward\" href=\"https:\/\/fashionkcmode.com\/index.php\/tienda\/\">\n\t\t\tVolver a la tienda\t\t<\/a>\n\t<\/p>\n                <\/div>\n\t\t\t\t        <script>document.body.classList.add(\"eael-woo-cart\");<\/script>\n\t\t\t\t\t\t<\/div>\n\t\t\t\t<\/div>\n\t\t\t\t\t<\/div>\n\t\t\t\t<\/div>\n\t\t\t\t<\/div>\n\t\t\t\t<\/div>\n\t\t","protected":false},"excerpt":{"rendered":"<p>Prendas Precio Cantidad Total Hoodie importado Balkeik bordado Color: Gris &#36;22,00 Hoodie importado Balkeik bordado Color: Gris cantidad &#36;66,00 Coupon: Aplicar Cup\u00f3n Seguir Comprando Actualizar Carrito Subtotal &#36;66,00 Env\u00edo No se han encontrado opciones de env\u00edo para Susana Letor, el conde, Quito, Pichincha, 593. Introduce una direcci\u00f3n diferente Country \/ region Selecciona un pa\u00eds\/regi\u00f3n&hellip;Ecuador Regi\u00f3n [&hellip;]<\/p>\n","protected":false},"author":1,"featured_media":0,"parent":0,"menu_order":0,"comment_status":"closed","ping_status":"closed","template":"elementor_header_footer","meta":{"inline_featured_image":false,"_joinchat":[],"footnotes":""},"class_list":["post-329","page","type-page","status-publish","hentry"],"jetpack_sharing_enabled":true,"_links":{"self":[{"href":"https:\/\/fashionkcmode.com\/index.php\/wp-json\/wp\/v2\/pages\/329","targetHints":{"allow":["GET"]}}],"collection":[{"href":"https:\/\/fashionkcmode.com\/index.php\/wp-json\/wp\/v2\/pages"}],"about":[{"href":"https:\/\/fashionkcmode.com\/index.php\/wp-json\/wp\/v2\/types\/page"}],"author":[{"embeddable":true,"href":"https:\/\/fashionkcmode.com\/index.php\/wp-json\/wp\/v2\/users\/1"}],"replies":[{"embeddable":true,"href":"https:\/\/fashionkcmode.com\/index.php\/wp-json\/wp\/v2\/comments?post=329"}],"version-history":[{"count":21,"href":"https:\/\/fashionkcmode.com\/index.php\/wp-json\/wp\/v2\/pages\/329\/revisions"}],"predecessor-version":[{"id":512,"href":"https:\/\/fashionkcmode.com\/index.php\/wp-json\/wp\/v2\/pages\/329\/revisions\/512"}],"wp:attachment":[{"href":"https:\/\/fashionkcmode.com\/index.php\/wp-json\/wp\/v2\/media?parent=329"}],"curies":[{"name":"wp","href":"https:\/\/api.w.org\/{rel}","templated":true}]}}